143 and 39?
13
What is the greatest common factor of 1029 and 21?
21
What is the highest common factor of 104 and 754?
26
What is the highest common divisor of 29 and 29?
29
Calculate the highest common factor of 2525 and 101.
101
Calculate the highest common divisor of 280 and 112.
56
Calculate the greatest common factor of 707 and 202.
101
What is the highest common factor of 3972 and 48?
12
Calculate the greatest common factor of 2911 and 71.
71
What is the highest common divisor of 918 and 12?
6
What is the greatest common divisor of 360 and 210?
30
Calculate the highest common factor of 6 and 318.
6
Calculate the highest common divisor of 12 and 1956.
12
What is the highest common divisor of 51 and 952?
17
What is the highest common factor of 84 and 294?
42
Calculate the highest common factor of 23 and 736.
23
Calculate the highest common factor of 28 and 287.
7
What is the greatest common divisor of 629 and 37?
37
What is the greatest common divisor of 85 and 15215?
85
Calculate the greatest common factor of 308 and 1628.
44
What is the greatest common factor of 10488 and 342?
114
What is the greatest common divisor of 204 and 36?
12
Calculate the greatest common factor of 46 and 3.
1
Calculate the highest common factor of 300 and 21.
3
Calculate the greatest common factor of 26 and 1105.
13
Calculate the highest common divisor of 1927 and 141.
47
What is the highest common factor of 416 and 728?
104
Calculate the greatest common factor of 45 and 85.
5
Calculate the highest common factor of 21361 and 41.
41
Calculate the highest common factor of 152 and 190.
38
What is the highest common divisor of 10 and 95?
5
What is the highest common divisor of 6248 and 426?
142
Calculate the highest common divisor of 255 and 459.
51
What is the greatest common factor of 26 and 962?
26
What is the highest common divisor of 1 and 23?
1
What is the greatest common factor of 136 and 5542?
34
Calculate the greatest common factor of 1073 and 58.
29
Calculate the greatest common factor of 1125 and 9.
9
What is the highest common divisor of 238 and 56?
14
Calculate the highest common factor of 88 and 242.
22
Calculate the greatest common factor of 393 and 2489.
131
What is the greatest common factor of 1643 and 901?
53
Calculate the greatest common divisor of 8590 and 10.
10
Calculate the greatest common factor of 25 and 15.
5
Calculate the highest common divisor of 265 and 2173.
53
Calculate the greatest common divisor of 3 and 144.
3
Calculate the highest common factor of 76 and 57.
19
Calculate the greatest common factor of 725 and 2697.
29
Calculate the greatest common divisor of 78 and 286.
26
Calculate the greatest common divisor of 65 and 2366.
13
Calculate the highest common divisor of 183 and 6527.
61
What is the highest common divisor of 22150 and 20?
10
What is the greatest common divisor of 11 and 275?
11
Calculate the greatest common factor of 1209 and 62.
31
What is the highest common divisor of 72 and 10278?
18
What is the greatest common divisor of 1 and 59?
1
What is the greatest common divisor of 261 and 36?
9
What is the highest common factor of 19 and 1501?
19
Calculate the greatest common factor of 4005 and 623.
89
What is the highest common divisor of 1215 and 5?
5
Calculate the greatest common factor of 47 and 2.
1
What is the highest common divisor of 8 and 376?
8
Calculate the highest common factor of 3405 and 75.
15
What is the greatest common factor of 1377 and 68?
17
Calculate the greatest common factor of 84 and 12.
12
What is the greatest common factor of 99 and 143?
11
What is the greatest common factor of 32 and 368?
16
Calculate the greatest common divisor of 50 and 2510.
10
Calculate the highest common factor of 55 and 40.
5
What is the greatest common divisor of 230 and 138?
46
What is the highest common factor of 99 and 639?
9
What is the greatest common factor of 616 and 66?
22
Calculate the highest common factor of 80 and 140.
20
Calculate the greatest common factor of 22 and 5247.
11
Calculate the highest common divisor of 40 and 128.
8
What is the highest common divisor of 351 and 54?
27
Calculate the highest common divisor of 903 and 63.
21
What is the greatest common divisor of 51 and 272?
17
Calculate the greatest common divisor of 4118 and 696.
58
Calculate the greatest common divisor of 82 and 164.
82
Calculate the greatest common divisor of 1207 and 51.
17
Calculate the highest common divisor of 336 and 896.
112
What is the greatest common factor of 240 and 30?
30
Calculate the highest common factor of 49 and 56.
7
What is the highest common divisor of 10 and 24145?
5
What is the greatest common divisor of 3 and 37?
1
Calculate the greatest common divisor of 55 and 100.
5
Calculate the highest common factor of 1647 and 244.
61
What is the highest common factor of 564 and 12?
12
What is the highest common divisor of 1053 and 221?
13
Calculate the highest common divisor of 11160 and 1705.
155
Calculate the greatest common divisor of 144 and 264.
24
What is the greatest common divisor of 874 and 38?
38
What is the highest common factor of 72 and 282?
6
Calculate the greatest common factor of 51 and 799.
17
Calculate the greatest common divisor of 1472 and 1150.
46
What is the greatest common factor of 575 and 322?
23
What is the highest common divisor of 34 and 2278?
34
Calculate the greatest common divisor of 3972 and 12.
12
Calculate the greatest common factor of 6480 and 162.
162
What is the highest common divisor of 3141 and 9?
9
Calculate the highest common divisor of 689 and 39.
13
Calculate the highest common factor of 18920 and 20.
20
Calculate the highest common divisor of 11 and 1199.
11
What is the greatest common divisor of 53 and 901?
53
Calculate the greatest common divisor of 99 and 55.
11
What is the greatest common divisor of 8 and 3592?
8
Calculate the greatest common divisor of 16 and 32464.
16
Calculate the highest common factor of 160 and 11360.
160
What is the highest common factor of 10 and 1552?
2
Calculate the greatest common divisor of 34 and 136.
34
Calculate the greatest common divisor of 1520 and 60.
20
What is the greatest common divisor of 72 and 200?
8
Calculate the highest common divisor of 432 and 240.
48
Calculate the highest common factor of 2114 and 518.
14
Calculate the greatest common factor of 94 and 423.
47
Calculate the highest common divisor of 7 and 203.
7
Calculate the highest common factor of 296 and 40.
8
Calculate the greatest common divisor of 40 and 1510.
10
What is the highest common divisor of 21 and 609?
21
Calculate the greatest common divisor of 4692 and 306.
102
Calculate the highest common divisor of 1901 and 3.
1
What is the greatest common divisor of 18 and 22?
2
What is the highest common divisor of 432 and 1368?
72
What is the highest common divisor of 1309 and 6732?
187
What is the greatest common divisor of 129 and 10277?
43
Calculate the highest common factor of 915 and 15.
15
Calculate the highest common factor of 9 and 909.
9
What is the highest common divisor of 70 and 15?
5
Calculate the greatest common divisor of 440 and 40.
40
Calculate the highest common factor of 1080 and 50.
10
What is the highest common divisor of 78 and 52?
26
What is the greatest common divisor of 59 and 118?
59
What is the highest common factor of 64 and 176?
16
Calculate the greatest common divisor of 10 and 4330.
10
Calculate the greatest common factor of 20 and 976.
4
Calculate the highest common divisor of 603 and 335.
67
Calculate the highest common factor of 25 and 40.
5
What is the greatest common divisor of 851 and 23?
23
What is the highest common factor of 8 and 260?
4
What is the greatest common factor of 40 and 215?
5
What is the highest common factor of 75 and 825?
75
Calculate the highest common divisor of 51 and 204.
51
Calculate the greatest common factor of 2034 and 36.
18
Calculate the greatest common factor of 4852 and 8.
4
Calculate the greatest common divisor of 58 and 377.
29
Calculate the greatest common divisor of 428 and 2889.
107
Calculate the highest common divisor of 4 and 3308.
4
Calculate the greatest common factor of 666 and 126.
18
Calculate the highest common divisor of 2 and 140.
2
Calculate the greatest common factor of 237 and 316.
